et y = 79 + -75. Suppose y*r + 120 = 6*r. What are the prime factors of r?
2, 3, 5
Let g(t) = -t**3 - 78*t**2 - 163*t + 56. What are the prime factors of g(-76)?
2, 223
Suppose 3*r + 3 = 3. Suppose r = -9*n + 4*n + 505. What are the prime factors of n?
101
Let w(u) = -u**2 + 4*u + 7. Let x(q) = 5*q. Let p be x(1). Let t be w(p). Suppose 0 = t*j - 10, -4*b - j + 145 = -0*b. List the prime factors of b.
5, 7
Suppose 5*o - 3650 = -5*v, v + 4*v - 3*o = 3650. What are the prime factors of v?
2, 5, 73
Suppose -p = 4*p - 20. Let t(f) = -3*f**2 + 5*f - 3. Let r(i) = -4*i**2 + 5*i - 4. Let o(u) = p*r(u) - 5*t(u). What are the prime factors of o(-4)?
3
Suppose -5*s - 2*l = -12, 0*s = 2*s + l - 5. Suppose 114 = s*b + 4*f, 0*b + 4*b - f = 264. What are the prime factors of b?
5, 13
Let q = 1 + -1. Let u(f) = q*f**2 + 1 + 3*f**2 + 0*f**2. List the prime factors of u(-1).
2
Let x(k) = -3*k - 6. Let b(z) = 13*z + 24. Let m(s) = 2*b(s) + 9*x(s). Let a be m(-9). Suppose 0*c = a*c - 93. What are the prime factors of c?
31
Let x(n) = -10*n - 29. Let k be x(-3). What are the prime factors of (-4 + 5)/(((-2)/(-314))/k)?
157
Suppose -3*z + 21 = 2*z + 3*d, -4*z = 2*d - 16. Suppose -z + 223 = 2*v. What are the prime factors of v?
2, 5, 11
Let t(z) = z**3 - 5*z**2 + 4*z - 11. Let q be t(5). Let l(k) = -1 + q - 7 - 3*k - 4. What are the prime factors of l(-2)?
3
Let k(w) = 73*w + 335. List the prime factors of k(11).
2, 569
Let s(w) = -w**3 + 21*w**2 - 16*w - 56. What are the prime factors of s(17)?
2, 3, 23
Let t = -564 + 1860. Suppose 8*h + 4*h - t = 0. List the prime factors of h.
2, 3
List the prime factors of (29 - 26)/((-2)/(-1926)).
3, 107
Let x(h) = 2 - 5 - 4 + 30*h + 1. List the prime factors of x(3).
2, 3, 7
Let p(a) = a**2 + 2*a - 2. Let j be p(2). Suppose 2*t + 12 = j*t. Suppose -3*l + 0*h + 60 = t*h, -3*h - 65 = -2*l. List the prime factors of l.
5
Suppose 5 + 3 = -4*m, d = 2*m + 701. List the prime factors of d.
17, 41
Let t(x) = -x**3 + 15*x**2 - 15*x + 15. Let h be t(14). List the prime factors of (-3 - -4) + -4 - (-117)/h.
2, 3, 19
Let h(f) = 94*f. Let y be h(1). Let l = -49 + y. What are the prime factors of l?
3, 5
Let q be (5/10)/(1/24). Let o be (-1)/(-6)*-2*15. Let w = q + o. What are the prime factors of w?
7
Suppose 4*v - 2 = -2*m, -v - 29 = -5*m + v. Suppose -4*j + 3*l = -111, -2*j + m = 2*l - 47. Let a = j + -24. What are the prime factors of a?
3
Let f(i) = 127*i + 85. List the prime factors of f(7).
2, 487
Let m(w) = w**3 - 47*w**2 + 56*w - 51. List the prime factors of m(46).
409
Suppose -36527 - 14568 = -11*h. What are the prime factors of h?
5, 929
Suppose 0 = 24*t - 25058 - 75862. What are the prime factors of t?
5, 29
Let g(n) be the first derivative of -n**4/4 - 2*n**3/3 + 7*n**2/2 - n - 17. List the prime factors of g(-6).
101
Suppose 4*r = o - 206, 5*o + 202 = 6*o - 5*r. What are the prime factors of o?
2, 3, 37
Let t(r) = -r**2 + 7*r + 11. Let b be t(7). Suppose -14*o + 240 = -b*o. List the prime factors of o.
2, 5
Suppose -r + 50 + 50 = 0. Suppose -3*k + k + r = 0. List the prime factors of k.
2, 5
Let x(q) = 440*q - 64. What are the prime factors of x(2)?
2, 3, 17
Suppose l = 2*b - 10, 4*l = 3 + 13. Suppose -4*p - 85 = -365. Suppose -9*s = -b*s - p. What are the prime factors of s?
5, 7
Let v(a) = -a**2 + a + 4. Let i be v(5). Let x be i/(-20)*(-15)/(-6). Let p(b) = 4*b**3 - b**2. List the prime factors of p(x).
2, 7
Let o(n) = 2*n**2 - 42*n + 35. List the prime factors of o(29).
499
Suppose -i - 57 + 15 = 0. Let b = i + 96. What are the prime factors of b?
2, 3
List the prime factors of 425/(-34)*(-56)/10.
2, 5, 7
Let z = 583 + -334. List the prime factors of z.
3, 83
Suppose 3*c + h + 64 = 0, c + 4*h + 23 = 2*h. Let g = -55 - c. List the prime factors of ((-64)/5)/(g/85).
2
Let d(a) = a**3 - 12*a**2 + 12*a - 9. Let x be d(11). Suppose 0 = 10*h - 9*h - x. What are the prime factors of -2 - (-5 + h + -35)?
2, 3
Let p be (-4 + (-42)/(-9))*6. Let d be (4 - 12/p)*-2. List the prime factors of d - (1 - (-12)/(-1)).
3
Let p = -153 - -15. Let m = 238 + p. What are the prime factors of m?
2, 5
Let q(x) = x**3 - x**2 - 4*x - 3. Let p be q(3). Suppose 0 = 2*k - p*k + 33. List the prime factors of k.
3, 11
What are the prime factors of 1*((-1 - -29) + 0)?
2, 7
Let j = 38 - -374. What are the prime factors of j?
2, 103
Let a be ((-42)/(-70))/(1/25). Suppose 18*v + 159 = a*v. Let f = 89 + v. List the prime factors of f.
2, 3
Let v = -212 + 1576. List the prime factors of v.
2, 11, 31
Suppose 30*v = -2*x + 27*v + 1327, -2*x = -3*v - 1321. What are the prime factors of x?
2, 331
Suppose 3*q - 107 = 421. List the prime factors of q.
2, 11
Suppose -14*i = -17*i + 591. List the prime factors of i.
197
Suppose -2*z + 439 + 683 = 0. List the prime factors of z.
3, 11, 17
Let o = -73 + 343. What are the prime factors of o?
2, 3, 5
What are the prime factors of 5/((-40)/(-538))*4?
269
Suppose 18*y - 294 = 16*y. Suppose -6*l + 51 = -y. What are the prime factors of l?
3, 11
Let s = 5300 - -414. List the prime factors of s.
2, 2857
Suppose -17*d + 249 = -14*d. What are the prime factors of d?
83
Let h(d) = -4*d**2 + d + 21. Let r(o) = -2*o**2 + o + 10. Let p(c) = 3*h(c) - 7*r(c). Let j be p(6). Let k = j + -19. List the prime factors of k.
2, 11
Let p = -2 - -4. Suppose 2*v = 3*t - 8, 5*t - p*v - 13 = v. Suppose t*r - 95 = 5*d, -d - 25 = 4*d. List the prime factors of r.
5, 7
Let c be 195/30*1*12. What are the prime factors of (494/c)/((-2)/(-6))?
19
Suppose 1961 = 5*w + 4*p - 3005, 2*p = -2*w + 1986. Suppose -4*r = -w + 70. List the prime factors of r.
3, 7, 11
Let a(l) be the third derivative of l**5/3 - l**4/8 - l**3 + 44*l**2. List the prime factors of a(-3).
3, 61
Let y(z) = z**3 + 9*z**2 + z + 3. Let g be y(-9). Suppose t - 3*c = -3*t + 171, 5*t = -4*c + 237. What are the prime factors of -5*g/t*21?
2, 7
Let x(o) = o**3 + 9*o**2 - 9*o + 7. Let c be x(-10). Let b be (c/(-1))/((-1)/(-7)). Suppose -j + 4*v = -2 + 9, j = -3*v + b. List the prime factors of j.
3
Let y(n) = 2*n**2 + 12*n + 2. Let a be y(-6). Suppose -10 = 3*s + 3*u + a*u, 5*u = -s - 20. List the prime factors of 3471/65 + (-2)/s.
53
Suppose -3*m - 4 = -4*m. Suppose k + 3*d - 51 = 0, m*k + 4*d = 181 - 17. What are the prime factors of k?
2, 3
Suppose 0 = -5124*a + 5118*a + 1326. What are the prime factors of a?
13, 17
List the prime factors of -8 + 2 + (-2544)/(-16).
3, 17
Suppose -5*j = -3*j - 4. Let u be (14/28)/(j/240). Suppose -6*x + u = -3*x. What are the prime factors of x?
2, 5
Let o(f) = f**2 + 5*f. Suppose -3*g + 5 - 20 = 0. Let y be o(g). Suppose 15 = -y*i + 5*i, -4*k + 3*i = -319. List the prime factors of k.
2, 41
Suppose -3*p + 2*m - 5*m = -3, -9 = -p + 3*m. Suppose p*a = -a + 200. What are the prime factors of a?
2, 5
Let c(i) = 34*i**2 - i - 10. Suppose h - 2 = 5*l, -3*h - h + 3*l = 9. What are the prime factors of c(h)?
13, 23
Suppose -z + 0*t + 4*t = -350, 0 = 5*z + 4*t - 1774. Suppose -66*l + z = -64*l. List the prime factors of l.
3, 59
Suppose 0 = -4*p - 20 + 72. Suppose 0 = p*h - 3*h - 2260. What are the prime factors of h?
2, 113
Let s = 667 + -285. List the prime factors of s.
2, 191
Suppose 9*x = 6*x - 3*f + 126, -f = 3*x - 126. Suppose -4*v = 2*q + 68, -v - q - q = 11. Let r = v + x. What are the prime factors of r?
23
Suppose g - 4*o + 2373 - 6247 = 0, -g = 5*o - 3910. List the prime factors of g.
2, 5, 389
Let n(x) be the second derivative of x**5/20 + 13*x**4/12 - 8*x**3/3 - 3*x**2/2 + 3*x. List the prime factors of n(-14).
5
Let g(x) = 181*x + 99. What are the prime factors of g(5)?
2, 251
Suppose 9*d - 2 = 8*d. List the prime factors of (-35 - -6)*(1 - d).
29
Let f be 371/119 - 4/34. Suppose -3*i + 7*i + z = 335, 0 = 5*i - f*z - 440. List the prime factors of i.
5, 17
Let o = 1055 + -291. Suppose -4*z = -3*i + 441, -z - 2*z + o = 5*i. What are the prime factors of i?
151
Suppose 0 = -12*g + 15*g - 6. Suppose g*t = -3*t + 490. What are the prime factors of t?
2, 7
Let u(a) = -30*a - 199. Let s be u(-4). Suppose 0 = 3*g - l - 339, -4*l = 3*g + 208 - 562. Let q = g + s. List the prime factors of q.
5, 7
Let y be (2 + -1)/(3/9) - 0. List the prime factors of 2 + -3 + y - (-266 - 2).
2, 3, 5
Let l = -1947 + 2728. List the prime factors of l.
11, 71
Let y = -